 a factor of 468?
True
Does 3 divide 47?
False
Is 395 a multiple of 9?
False
Is 6 a factor of 3534?
True
Is 7 a factor of 356?
False
Does 5 divide 22680?
True
Does 5 divide 549?
False
Is 13985 a multiple of 95?
False
Is 19 a factor of 252?
False
Is 4806 a multiple of 178?
True
Is 14 a factor of 8232?
True
Is 1260 a multiple of 28?
True
Does 40 divide 5008?
False
Does 50 divide 8524?
False
Is 11 a factor of 3498?
True
Does 15 divide 405?
True
Is 5 a factor of 24530?
True
Does 11 divide 136290?
True
Does 14 divide 154?
True
Is 11096 a multiple of 38?
True
Is 74939 a multiple of 304?
False
Is 5 a factor of 130?
True
Is 24 a factor of 5392?
False
Is 3197 a multiple of 110?
False
Is 9544 a multiple of 19?
False
Does 26 divide 15704?
True
Does 54 divide 2165?
False
Is 4444 a multiple of 2?
True
Does 36 divide 17332?
False
Is 24 a factor of 1669?
False
Is 33 a factor of 36270?
False
Is 2672 a multiple of 20?
False
Is 118756 a multiple of 10?
False
Is 89 a factor of 50374?
True
Is 4593 a multiple of 28?
False
Is 40 a factor of 1277?
False
Does 128 divide 640?
True
Is 93 a factor of 1767?
True
Does 17 divide 1411?
True
Is 1496 a multiple of 8?
True
Is 25 a factor of 1800?
True
Is 35 a factor of 3700?
False
Does 11 divide 5477?
False
Is 13 a factor of 9165?
True
Does 21 divide 42?
True
Does 21 divide 4808?
False
Is 6616 a multiple of 8?
True
Is 29 a factor of 658?
False
Is 3066 a multiple of 21?
True
Does 61 divide 323?
False
Is 440 a multiple of 2?
True
Does 25 divide 250?
True
Is 48 a factor of 2976?
True
Is 612 a multiple of 12?
True
Is 3060 a multiple of 90?
True
Does 18 divide 7416?
True
Does 23 divide 606?
False
Does 7 divide 13930?
True
Is 46 a factor of 721?
False
Is 1091 a multiple of 14?
False
Is 12 a factor of 264?
True
Is 1653 a multiple of 29?
True
Is 5 a factor of 20335?
True
Is 80 a factor of 8895?
False
Is 13 a factor of 2561?
True
Does 8 divide 16336?
True
Does 10 divide 26820?
True
Does 55 divide 1427?
False
Is 2912 a multiple of 56?
True
Is 290 a factor of 13340?
True
Is 1395 a multiple of 17?
False
Is 14 a factor of 1460?
False
Is 8552 a multiple of 8?
True
Is 1139 a multiple of 4?
False
Is 62 a multiple of 8?
False
Is 35 a factor of 19495?
True
Is 21 a factor of 2373?
True
Does 9 divide 41417?
False
Is 35 a factor of 700?
True
Does 26 divide 258?
False
Is 105 a factor of 128470?
False
Is 84 a multiple of 2?
True
Does 165 divide 2285?
False
Is 8 a factor of 4752?
True
Is 22 a factor of 231?
False
Does 16 divide 432?
True
Is 216 a multiple of 18?
True
Is 21 a factor of 17724?
True
Is 794 a multiple of 49?
False
Is 2 a factor of 5355?
False
Is 5077 a multiple of 63?
False
Is 4230 a multiple of 18?
True
Is 250 a factor of 71518?
False
Does 4 divide 15838?
False
Is 20522 a multiple of 58?
False
Is 26 a factor of 26598?
True
Does 11 divide 20330?
False
Does 3 divide 1551?
True
Is 1403 a multiple of 41?
False
Is 9 a factor of 11835?
True
Is 11398 a multiple of 60?
False
Is 990 a multiple of 10?
True
Is 24 a factor of 1697?
False
Is 6 a factor of 2502?
True
Is 12129 a multiple of 13?
True
Does 362 divide 69368?
False
Does 9 divide 253?
False
Is 6 a factor of 908?
False
Is 9 a factor of 3204?
True
Is 4032 a multiple of 24?
True
Is 14640 a multiple of 40?
True
Is 15366 a multiple of 39?
True
Is 8833 a multiple of 41?
False
Is 27144 a multiple of 26?
True
Is 4308 a multiple of 83?
False
Is 23 a factor of 48231?
True
Is 5 a factor of 35?
True
Is 23 a factor of 2305?
False
Is 33345 a multiple of 27?
True
Does 30 divide 150?
True
Is 12 a factor of 544?
False
Is 1012 a multiple of 17?
False
Is 135752 a multiple of 34?
False
Is 648 a multiple of 18?
True
Is 24 a factor of 1543?
False
Is 1629 a multiple of 23?
False
Is 13923 a multiple of 17?
True
Does 4 divide 763?
False
Is 5244 a multiple of 114?
True
Is 49 a factor of 326?
False
Is 1578 a multiple of 3?
True
Is 106 a factor of 4028?
True
Is 289 a multiple of 10?
False
Does 27 divide 2619?
True
Is 1967 a multiple of 107?
False
Does 40 divide 5537?
False
Is 7344 a multiple of 108?
True
Is 561 a multiple of 11?
True
Is 2628 a multiple of 57?
False
Does 10 divide 1070?
True
Is 19 a factor of 1514?
False
Does 11 divide 741?
False
Is 5 a factor of 4455?
True
Does 3 divide 172?
False
Is 10585 a multiple of 128?
False
Does 10 divide 120?
True
Is 161 a multiple of 7?
True
Is 25 a factor of 3875?
True
Does 8 divide 1757?
False
Is 16 a factor of 894?
False
Is 197 a multiple of 6?
False
Is 22 a factor of 2621?
False
Does 93 divide 23622?
True
Is 17649 a multiple of 9?
True
Is 7 a factor of 133?
True
Is 19 a factor of 1582?
False
Is 15405 a multiple of 19?
False
Is 30 a factor of 1260?
True
Is 2 a factor of 182?
True
Does 30 divide 1775?
False
Does 15 divide 97987?
False
Is 73 a factor of 11023?
True
Does 6 divide 318?
True
Does 129 divide 46737?
False
Is 1222 a multiple of 13?
True
Does 10 divide 23410?
True
Is 119 a factor of 21896?
True
Is 872 a multiple of 2?
True
Does 7 divide 889?
True
Does 65 divide 19044?
False
Does 5 divide 21423?
False
Is 8261 a multiple of 67?
False
Does 36 divide 720?
True
Does 29 divide 451?
False
Does 60 divide 2697?
False
Is 214 a multiple of 3?
False
Does 124 divide 30002?
False
Does 8 divide 3282?
False
Does 94 divide 564?
True
Is 15 a factor of 633?
False
Does 5 divide 18507?
False
Is 7919 a multiple of 30?
False
Does 16 divide 4768?
True
Does 33 divide 2322?
False
Does 60 divide 5721?
False
Is 116 a factor of 14500?
True
Does 40 divide 15440?
True
Is 13 a factor of 1898?
True
Is 9 a factor of 162?
True
Is 1080 a multiple of 18?
True
Is 3 a factor of 15?
True
Is 15 a factor of 1530?
True
Is 143 a multiple of 2?
False
Is 36 a factor of 152?
False
Is 82 a factor of 1899?
False
Is 20 a factor of 580?
True
Does 16 divide 17123?
False
Is 11 a factor of 1724?
False
Is 35 a factor of 27300?
True
Is 7513 a multiple of 6?
False
Is 1728 a multiple of 18?
True
Is 27 a factor of 1251?
False
Is 2455 a multiple of 23?
False
Is 49 a factor of 47334?
True
Does 23 divide 54763?
True
Is 11057 a multiple of 34?
False
Is 19 a factor of 13357?
True
Is 104 a factor of 29464?
False
Is 82 a factor of 8938?
True
Does 19 divide 406?
False
Does 4 divide 28?
True
Is 14 a factor of 2030?
True
Does 65 divide 16185?
True
Does 34 divide 340?
True
Is 520 a multiple of 40?
True
Is 122 a factor of 379?
False
Does 17 divide 8907?
False
Does 155 divide 27844?
False
Is 4958 a multiple of 37?
True
Is 22 a factor of 92?
False
Is 14611 a multiple of 16?
False
Is 11 a factor of 44748?
True
Does 16 divide 352?
True
Is 482 a multiple of 25?
False
Is 3939 a multiple of 16?
False
Is 75297 a multiple of 13?
False
Is 44 a factor of 44000?
True
Is 14 a factor of 162352?
False
Is 87582 a multiple of 130?
False
Is 8820 a multiple of 30?
True
Does 34 divide 134242?
False
Does 65 divide 1755?
True
Is 5 a factor of 54557?
False
Is 14 a factor of 70?
True
Is 34979 a multiple of 7?
True
Is 56 a factor of 4835?
False
Is 45 a factor of 1971?
False
Is 1860 a multiple of 62?
True
Is 8 a factor of 5108?
False
Does 16 divide 2496?
True
Is 36910 a multiple of 52?
False
Is 3180 a multiple of 20?
True
Is 475 a multiple of 20?
False
Does 13 divide 1457?
False
Is 1208 a multiple of 117?
False
Does 108 divide 4968?
True
Is 516 a multiple of 43?
True
Is 83 a factor of 2614?
False
Is 5603 a multiple of 13?
True
Is 68 a factor of 13804?
True
Is 17 a multiple of 9?
False
Is 36 a factor of 2081?
False
Is 19103 a multiple of 68?
False
Is 939 a multiple of 5?
False
Is 86 a factor of 4902?
True
Is 31 a factor of 10656?
False
Is 11064 a multiple of 16?
False
Does 19 divide 1443?
False
Is 5320 a multiple of 51?
False
Is 96 a factor of 2088?
False
Is 23257 a multiple of 13?
True
Is 71 a factor of 781?
True
Is 10324 a multiple of 28?
False
Is 15 a factor of 1181?
False
Is 7051 a multiple of 23?
False
Is 91 a factor of 91?
True
Does 182 divide 20176?
False
Does 14 divide 252?
True
Is 4545 a multiple of 16?
False
Is 165 even?
False
Is 32 a factor of 3667?
False
Is 47657 a multiple of 10?
False
Is 1209 a multiple of 4?
False
Is 96133 a multiple of 251?
True
Does 4 divide 2984?
True
Does 328 divide 55104?
True
Does 52 divide 26336?
False
Is 12404 a multiple of 83?
False
Is 5511 a multiple of 33?
True
Is 4 a factor of 8648?
True
Is 30 a factor of 2935?
